67 + t. What are the prime factors of r?
31
Let m = 38 - -20. List the prime factors of m.
2, 29
Let g(s) be the second derivative of -s**3 - s**2 - s. Suppose 3*v = 3*l + 15, -4*l - 8*v = -3*v - 7. List the prime factors of g(l).
2, 5
Suppose -1 - 2 = -g. Suppose -6 = -c + g. What are the prime factors of c?
3
Suppose 0*k = -4*k + 372. List the prime factors of k.
3, 31
Suppose -2*r = 3*h - 118, -4*r + 3*h - h = -220. What are the prime factors of r?
2, 7
Let p(q) = q**2 + 3*q - 4. Let x be p(-4). What are the prime factors of (x/(-1) - 3) + 7?
2
Let r = 5 + 46. Suppose r = -g + 4*g. List the prime factors of g.
17
Suppose -2*s - 5*n = 4, 2*n = s - 0*s - 7. Let r(f) = -1 + 5*f - f**2 + 0*f - 1. What are the prime factors of r(s)?
2
Let s(g) be the third derivative of 7*g**5/10 - g**4/24 - g**3/6 - g**2. What are the prime factors of s(-1)?
2, 3, 7
Suppose 20*l - 26*l + 234 = 0. List the prime factors of l.
3, 13
Let n = 99 + -39. Suppose 3*v + n = 3*t, 3*t - 4*v - 90 = -7*v. Suppose -4*w = 4*r + 4, 3*w - r - 3*r - t = 0. List the prime factors of w.
3
Let u(x) = -3*x. Let m be u(5). Let v(j) = -j**2 + 7*j - 5. Let r be v(9). Let a = m - r. What are the prime factors of a?
2
Let w = -3 - -2. Let a = -2 - -3. List the prime factors of (w + a + 3)*2.
2, 3
Let v be 1/3 + (-34)/(-6). Suppose 0*k + 2*k - v = 0. Suppose 2*s - 45 = -k*s. List the prime factors of s.
3
Let b = -20 - -21. Let f be ((-6)/(-4))/((-2)/(-8)). Suppose f + b = g. What are the prime factors of g?
7
Let k(m) = m - 1. Let r be k(2). List the prime factors of 11*2*r/2.
11
Let z = 2 + 4. Suppose -l - 15 = -z*l. List the prime factors of (-13)/(l/(6/(-2))).
13
Let z(n) = 5*n**2 - 2. Let u be z(-2). Suppose 9 + 16 = -5*f. Let d = u + f. What are the prime factors of d?
13
Let n be (-1 + 2)*-1 + 7. Suppose 0*x - s - n = -2*x, -2*s = 4. Suppose 0 = x*m - 11 - 7. What are the prime factors of m?
3
Let c = -2 + 16. Let b = -10 + c. Suppose -4 = -b*u + 36. What are the prime factors of u?
2, 5
Let s be 1 + (-3 + 66)/3. Let c = 63 - s. List the prime factors of c.
41
Let y(l) = l**3 + 2*l**2 - 2*l + 3. Let u be y(-3). Suppose u = 3*c - 10 - 32. What are the prime factors of c?
2, 7
Let p(q) = -4 - 3*q - 2 + 1. Let m be p(-4). Suppose -5*u - 15 = 0, -3*u - 94 = -m*z + 2*z. What are the prime factors of z?
17
Let i(q) = -q**3 + 9*q**2 + 12*q + 6. What are the prime factors of i(10)?
2, 13
Let k(w) = w + 344. List the prime factors of k(0).
2, 43
Let o be 2 - -2*3/3. Suppose 6*z - 3*x = o*z + 14, 3*z - 5*x - 22 = 0. List the prime factors of z.
2
Let c be -5 - -7 - (1 - 2). Suppose -3*o - 84 = 3*d - 201, 5*o = c*d + 235. List the prime factors of o.
2, 11
Suppose o + 5 - 30 = 5*w, 0 = -5*w - 20. Let h be (-1 + -24)/(4 - o). What are the prime factors of ((-20)/h)/(1/(-5))?
2
Let b(q) = q**3 + 6*q**2 - 8*q - 9. List the prime factors of b(-6).
3, 13
Let u = -18 - -24. What are the prime factors of u?
2, 3
Let s be (1 + 1)/(4/10). Let f(u) = -u**2 + 5*u + 7. List the prime factors of f(s).
7
What are the prime factors of 72 + (4/18 - (-14)/18)?
73
Let j = 54 - 24. What are the prime factors of j?
2, 3, 5
Let j be 6*(-2)/8*2. Let b be 0 - (2 + -1 + j). Suppose -o + 6 = b*o. List the prime factors of o.
2
Let g = 4 - 2. List the prime factors of g.
2
Suppose -2*p + 5*a + 34 = 2*p, 22 = 4*p + a. What are the prime factors of (2/p)/((-7)/(-42))?
2
Suppose -s - 2*s - 5*a = 41, 0 = -2*a - 8. Let l = s - -19. What are the prime factors of l?
2, 3
Let t = 100 + -70. List the prime factors of t.
2, 3, 5
Let i(p) = 2 - 8 - 3 - 4*p. List the prime factors of i(-6).
3, 5
Let k(l) = 6*l + 4. Let q be k(11). What are the prime factors of (100/q)/((-2)/(-28))?
2, 5
Let d(t) = t**3 + 7*t**2 + 5*t + 8. Let s be d(-6). Suppose 0*w - s = 4*f + 2*w, -5*w = -3*f - 17. What are the prime factors of 11/2 + (-2)/f?
2, 3
Suppose -35 = -5*n - 2*t, -4*t + 14 + 1 = -n. Suppose -5*b - 85 = -n*f, 4*f - 56 = -b - b. List the prime factors of f.
3, 5
Let o(m) be the third derivative of -5*m**4/12 - 2*m**2. Let n be o(-3). Suppose -6*t + 3*t = -n. What are the prime factors of t?
2, 5
Suppose 4*v - 57 = 55. List the prime factors of v.
2, 7
Let n = 0 - -3. Suppose 14 = n*v - 43. List the prime factors of v.
19
Let u(n) = n**3 - 9*n**2 - 7*n - 6. Let k be u(10). What are the prime factors of -20*(2 + k/(-10))?
2
Let c = 70 + 25. What are the prime factors of c?
5, 19
Let g = 10 - -18. What are the prime factors of g?
2, 7
Suppose -39 = -4*i + y + 26, 0 = 4*y + 4. Let l = 4 - i. List the prime factors of ((-80)/l)/((-4)/(-6)).
2, 5
What are the prime factors of 9/36 - 1174/(-8)?
3, 7
Let l(t) be the third derivative of 5*t**4/24 + t**3/2 - 5*t**2. List the prime factors of l(4).
23
List the prime factors of (-1)/4 - (-2 + (-2804)/16).
3, 59
Let o be ((-4)/10)/(4/20). Let a be 0 + (1 - -1) - o. Suppose -i = a*i + 3*z - 22, 2*z = -2. What are the prime factors of i?
5
Suppose -2*c - c = 0. Let o be 4*((-150)/(-8))/(-5). What are the prime factors of 5*(c - 12/o)?
2
Suppose -49 = 4*d - 5*l, -3*l - 2 = 5*d + 13. Let j = d + 16. What are the prime factors of j?
2, 5
Suppose 0 = -2*t + 7*t. Suppose -3*h + t = -3. Suppose c + 2*x = -h, 5*c + 2*x = 3*c + 2. List the prime factors of c.
3
Suppose 3*n = -0*n + 18. Suppose 0 = -n*w + 2*w. Suppose w = -5*o - 2*g + 20, 7 - 23 = -4*o - 5*g. List the prime factors of o.
2
List the prime factors of (-1)/(-3) - (-347)/3.
2, 29
Let m(n) = 1 - n**2 + 4*n - 1. Let f be m(2). Suppose -4 = -p + 4*y, 0 = -6*y + 2*y + f. What are the prime factors of p?
2
Let a(h) = 14*h**3 + 2*h**2 - h. Let p be a(1). Suppose 0 = -6*c + 3*c + 15. Suppose -2*x = -q + x + 1, 0 = 3*q - c*x - p. What are the prime factors of q?
2, 5
Let f = 23 + -12. Let s(n) = -n**3 + 0 + 12*n**2 - 3 + 0 - 10*n. What are the prime factors of s(f)?
2
List the prime factors of (-2770)/(-40) - (-3)/4.
2, 5, 7
Let k(s) be the third derivative of 3*s**4/8 + s**3 - 9*s**2. List the prime factors of k(5).
3, 17
Suppose 4*v - 478 = 3*d, 94 = 2*v + 4*d - 134. What are the prime factors of v?
2, 59
Let x(q) = -q + 2. Let l be x(-4). Suppose -46 = -3*t + 2*c - l*c, 2*t + 3*c - 29 = 0. List the prime factors of t.
2, 11
Let g = 5 + -2. Suppose -3 = -m + g. What are the prime factors of m?
2, 3
Let f = -22 + 36. What are the prime factors of f?
2, 7
Let v = -3 + 7. Suppose 3*m - 2*r - 43 = 0, v*m - 31 - 17 = 5*r. List the prime factors of m.
17
List the prime factors of 247 + 0 + 8/2 + -1.
2, 5
Let a = 2 + -3. Let n = a - -4. Suppose 0 = -4*d - 2 + 6, -3*d = -n*o + 27. What are the prime factors of o?
2, 5
Suppose -2 = -2*h + 8. Let p(k) = 8*k - 6. What are the prime factors of p(h)?
2, 17
Let g(r) = 2*r**2 - 7*r + 4. Suppose 5*k - 3*a - 32 = 0, k - 3*k + a = -12. What are the prime factors of g(k)?
2
Suppose 2*h = 7*h - 4*l + 2, 5*h + l = 13. Let u(w) = w**2 - 4*w - 4. Let b be u(6). Suppose -h*f + 6 = -b. What are the prime factors of f?
7
Let u(b) = -3*b + 0*b - 8 + 2. What are the prime factors of u(-5)?
3
Let f(k) = -k**3 + 10*k**2 - 9*k + 12. Let z(j) = 2*j + 3. Let h be z(3). List the prime factors of f(h).
2, 3
Suppose 3*z = u - 32, -3*u + 2*u = 3*z + 40. Let p = 28 + z. Suppose -6*o + p = -4*o. List the prime factors of o.
2
Suppose 13 = w - 6. What are the prime factors of w?
19
Suppose 0 = -3*x - 5*l + 43, -4*l + 63 = 5*x - 0*l. What are the prime factors of 27 + (-2 + x)/(-3)?
2, 3
Suppose 0*s - 4*s = -3*f + 207, 0 = 3*f - 3. Let c = -29 - s. List the prime factors of c.
2, 11
Let u(c) = 8*c - 20. What are the prime factors of u(8)?
2, 11
Let r = 3 - 0. Let a = 6 - r. Let c = 5 - a. List the prime factors of c.
2
Let w = -170 + 243. List the prime factors of w.
73
Suppose 2*w = -2*k + 4*w + 252, k = 2*w + 130. List the prime factors of k.
2, 61
Let o(r) = -r**3 + 8*r**2 - 9*r + 12. Suppose -5*y + 15 = -2*y. What are the prime factors of o(y)?
2, 3, 7
Suppose 2*t = 2*k + 2, 5*k = 3*t - 0*k + 5. Let p(c) = -30*c**3 - 2*c**2 - c. Let g be p(-1). Suppose -4*h + g = t. List the prime factors of h.
2, 3
Suppose 7 = -i + 4*d - 0*d, -d = -4*i + 32. Let w = -15 + i. List the prime factors of w/(-3) + 2 - 2.
2
Let h(l) = l**2 + 8*l - 2. Let x be h(-8). Let z(r) = r**2 + r - 2. Let j be z(x). Suppose 3*d + o = -o + 9, j = 5*o. List the prime 